16/(-12). Does 14 divide b(n)?
True
Let f(b) = 2*b**2 + 124*b + 15. Is f(-63) a multiple of 15?
False
Let m = 0 - -5. Suppose -16 = m*c - 41. Is c a multiple of 5?
True
Let a(n) be the second derivative of -29*n**3/3 + 11*n**2/2 - 2*n - 1. Is a(-2) a multiple of 8?
False
Does 35 divide (-191)/6*3*(0 + -8)?
False
Suppose -4*f = x + 3*x - 728, -5*f + 917 = -2*x. Suppose 3*i - f = -3*y, -i + 2*i = y + 53. Is 6 a factor of i?
False
Suppose -j - 69 = 3*n + 21, -55 = j - 4*n. Is -3*(-110)/j*-20 a multiple of 24?
False
Suppose -10*f = -618 - 1362. Is f a multiple of 22?
True
Suppose -4*m + 54 + 34 = 0. Let h = 38 - m. Suppose -h = -d - d. Is 4 a factor of d?
True
Suppose -7898 = -10*i + 5872. Does 13 divide i?
False
Suppose 800 = -29*a + 37*a. Is a a multiple of 10?
True
Let m be (-1)/((-1)/21) - (-22)/(-11). Suppose -m = -v + 4. Is 2 a factor of v?
False
Suppose 5182 + 1968 = 26*j. Does 8 divide j?
False
Let a(k) = -k**3 - 2*k**2 - 2. Let d be a(-2). Let v be -4*d/8 + 1. Suppose -110 = -3*n - 2*o + 138, -v*n + 168 = 2*o. Is n a multiple of 16?
True
Let t = 3657 + -2361. Is t a multiple of 36?
True
Does 7 divide 120/(-36)*(-1296)/30?
False
Let z = -127 + 496. Is 6 a factor of z?
False
Let k be 28 - (0 - 0) - (-13 + 16). Suppose -25 - k = -5*o. Does 10 divide o?
True
Let q(k) be the first derivative of 4*k**3/3 - 3*k**2 - 5*k + 1. Is q(-1) a multiple of 3?
False
Let u = 121 + -26. Is u a multiple of 6?
False
Let o = -348 - -152. Let s = -87 - o. Suppose -2*w - 2*w - 295 = -3*h, 0 = h + 4*w - s. Does 29 divide h?
False
Let p(g) = -251*g**2 + 10*g - 10. Let a be p(1). Let y = -170 - a. Is y a multiple of 8?
False
Let q(j) = j**2 + 1. Let l(t) = -5*t**2 + 16*t + 6. Let d(z) = -l(z) - 6*q(z). Does 7 divide d(-13)?
False
Let r(i) = -19*i + 190. Does 22 divide r(-12)?
True
Suppose 4*a + 2*k = 1744, 68*a = 72*a + k - 1748. Does 6 divide a?
True
Suppose 0 = -70*z + 52*z + 40680. Is 20 a factor of z?
True
Let s = -6 + 9. Let l(a) = 4*a**3 + 0*a**s - 4*a - 5*a**3 - 8*a**2. Is 16 a factor of l(-8)?
True
Suppose -4*k = l - 1467, l + 1461 = k + 3*k. Does 2 divide k?
True
Is (-1 - 21 - 2)/((-3)/50) a multiple of 18?
False
Let h be (-204)/(-14) - 42/(-98). Let x(z) = z**2 - 16*z + 31. Is x(h) a multiple of 4?
True
Let q = 1573 - 734. Does 20 divide q?
False
Suppose 3*k + 5*z = 39, 5*k + 6*z - 49 = 3*z. Suppose k*u + 0*u = 224. Is 2 a factor of u?
True
Let c(a) = -a**2 - 8*a + 5. Let k be c(-8). Suppose 0*y = -k*y + 130. Is 25 a factor of y?
False
Let w = 330 + -81. Let d = w - 161. Is 22 a factor of d?
True
Suppose 5*d - d - 52 = 0. Let t = 21 - d. Suppose -34 = 6*f - t*f. Is f a multiple of 5?
False
Let s = 46 - 25. Suppose 2*g - 4 - 2 = 0. Suppose -2*k + s = -g*f, 2*k - 5*k - f + 59 = 0. Is 5 a factor of k?
False
Let t(h) = h**2 - 9*h + 10. Let o be t(7). Let q be (-368)/2 + -4 + o. Let w = -113 - q. Is 13 a factor of w?
False
Suppose 558 = j + 2*b - 201, 0 = -3*j - 4*b + 2267. Is 10 a factor of j?
False
Suppose -3*g + 5*u + 988 = 0, -5*g - 11*u + 1620 = -6*u. Does 4 divide g?
False
Suppose -4*t = -4*u - 5*t - 11, 4*t - 24 = u. Let m be 3/((-6)/19)*u. Suppose 1 = v - 3*s, 4*v - s - m = -1. Is v a multiple of 6?
False
Let l = 47 - 45. Suppose -l*m + m = w - 144, 0 = 2*w. Does 18 divide m?
True
Let m be 15/(-13) + 6/39. Let f(k) = -71*k**3 + k**2. Is 6 a factor of f(m)?
True
Let j be 3 + (-9)/(28/(-9) + 3). Let m = j - 36. Is 5 a factor of m?
False
Let b = 11 - 9. Let y be ((-1)/2)/(b/(-24)). Is 5 a factor of (18/8)/(y/16)?
False
Suppose 0 = -22*c + 19*c + 1035. Does 36 divide c?
False
Let v(x) = x**2 + 7*x + 10. Let k be v(-6). Let r(f) = f**2 + 8*f - 14. Is 27 a factor of r(k)?
False
Is 31 a factor of 4 - 10 - -353 - 6?
True
Is 76 a factor of (-152*3/(-18))/((-7)/(-735))?
True
Let o(f) = -5*f - 1. Let s be o(-1). Let n be (-8 + 0)*(3 - 52/16). Suppose 66 = s*g - n*d, 102 = 5*g + 4*d - 0*d. Is 9 a factor of g?
True
Let f(n) be the second derivative of n**5/20 + 19*n**4/12 - 4*n**3 - 3*n**2 + 19*n. Is 10 a factor of f(-20)?
False
Suppose 0 = 8*r - 10*r + 10. Suppose 4*b - 2*k - 303 = 359, k - 831 = -r*b. Suppose -4*l + b = 5*q, 5*l - 110 - 106 = -2*q. Does 26 divide l?
False
Suppose -3*l = 3*h - 66 - 474, -4*h + 2*l = -720. Suppose -4*d + h + 124 = 0. Is 13 a factor of d?
False
Is (10/(-30))/(-1) - 98/(-3) a multiple of 33?
True
Suppose 0*w + 1848 = 4*w. Is 21 a factor of w?
True
Is (-5 - 11501/(-35))/((-10)/(-50)) a multiple of 17?
False
Suppose -6*x - 34 = -2*p - x, 0 = 4*p + 4*x - 68. Let k = p + 11. Suppose z - 2*s - 3*s - k = 0, -5*z - 4*s = -24. Is 4 a factor of z?
True
Let l be (-1 - 6/2)*386/(-8). Suppose 698 - 108 = 3*j - 2*w, j - l = -3*w. Is j a multiple of 28?
True
Suppose -t + 3 - 5 = 2*i, -i - 1 = -t. Let x(f) = 2*f - 18. Let w be x(11). Suppose -w*c - 5*y + 100 = t, -c + 29 = 2*y + 1. Is 12 a factor of c?
False
Let s(j) = -4*j**2 - 10*j - 18. Let z be s(-9). Does 21 divide (-8)/(32/z)*1?
True
Let s(k) = k + 36. Is 7 a factor of s(0)?
False
Suppose 0 = 6*k - 4462 - 116. Does 9 divide 1/(-3) - k/(-21)?
True
Suppose -6 = 3*a + l, 0 = 2*a + l - 5*l + 4. Let m be (-3)/a - 18/(-12). Suppose -2*w = o - 31, 5*w - 74 = 4*o - m*o. Is w a multiple of 15?
True
Let w = -11 + 13. Let o(z) = z**2 + 2*z - 3. Let g be o(w). Suppose g*h + 0*h = 210. Is h a multiple of 21?
True
Suppose -3*c + 5*c - 216 = 0. Is 12 a factor of c?
True
Let h be ((-17)/(-68))/((-1)/4). Let z be 10/(h*10/(-5)). Suppose -75 = -z*j + 5. Is 2 a factor of j?
True
Let g(r) = -6 + 3*r + 2 - 5*r**3 + 1 + 4*r**3 - 3*r**2. Let y be g(-4). Is 11 a factor of y/(2 - (-194)/(-98))?
False
Let b(k) = 4*k**2 - 37*k + 24. Is 12 a factor of b(12)?
True
Let d(q) = 3*q**3 - 10*q**2 + 6*q - 18. Let a(z) = -2*z**3 + 10*z**2 - 5*z + 17. Let m(r) = -6*a(r) - 5*d(r). Does 12 divide m(-6)?
True
Suppose -2 = 2*n - 2*a + 4, 20 = 5*a. Does 6 divide (-2)/5 + 3792/80 + n?
True
Let b be -26*((-2)/7 - 182/49). Suppose -b = -5*n + 546. Does 26 divide n?
True
Let t(u) = 2*u + 30. Let b be t(-14). Suppose l = -b*z + 45, -2*l + 90 = 2*z - 6*z. Is l a multiple of 10?
False
Suppose 3*l - 140 = 70. Suppose l = 3*o - 89. Is o a multiple of 9?
False
Let b = 421 - -318. Is 16 a factor of b?
False
Suppose -2*r + 0*r + 4*r = 0. Suppose r = y + y - 570. Does 57 divide y?
True
Suppose 6 = -3*n - 4*u + 25, 0 = -2*n - 2*u + 10. Is 9 a factor of 90*n/4*4?
True
Let x = 17 + -5. Is (-1105)/(-20) - 3/x a multiple of 24?
False
Does 34 divide -2 - (-6 + (6 - 546))?
True
Does 13 divide 234/12*1*1356/18?
True
Let x(c) = -c**3 - 17*c**2 + 14*c + 14. Suppose -56 = 4*i - 4*s - 4, -4*i - 97 = 5*s. Does 12 divide x(i)?
False
Let j(d) = -d**3 + 2*d. Let x(z) = -z + 6. Let q be x(8). Does 4 divide j(q)?
True
Does 11 divide 58/(-145) - (-1624)/10?
False
Let f = 26 - 9. Let z(a) = -74 + 33 + 4*a + 41. Is 30 a factor of z(f)?
False
Suppose -6*j + 7*j - 144 = 0. Suppose 6*n - j = 9*n. Is 11 a factor of n*((-8)/6 - -1)?
False
Let m = 1974 - 1088. Does 67 divide m?
False
Suppose -q + 76 + 282 = -4*f, -3*q + f = -1041. Does 4 divide q?
False
Let f(b) = -11*b**3 - 3*b**2 - 6*b - 43. Does 95 divide f(-5)?
False
Suppose 2*l - 3*l + 26 = -5*n, -42 = -5*l + 3*n. Let x(p) = 18*p - 5. Let y be x(l). Let u = -66 + y. Is u a multiple of 6?
False
Suppose -4*p - 135 + 3 = -y, y + 5*p - 87 = 0. Does 28 divide y?
True
Suppose -5*b - 51 = -5*z + 94, -5*b - 163 = 4*z. Let o = 7 + b. Let j = 40 + o. Is j a multiple of 5?
False
Let f = -34 + 36. Suppose 5*k + 22 = z, -4*z + 124 = -0*z - f*k. Is z a multiple of 4?
True
Suppose 10*f - 5*f - 3*v = 0, 4*f = 5*v - 13. Let r(q) = q**2 - 3*q - 1. Let k(u) = u**2 - 5*u - 2. Let b(y) = -3*k(y) + 5*r(y). Does 19 divide b(f)?
True
Let s(i) = 16*i + 47. Does 15 divide s(28)?
True
Suppose -31*h + 11562 = 10*h. Is h a multiple of 94?
True
Suppose -1468 = -2*j - 4*m, 4*j - 5*m = 1482 + 1441. Is j a multiple of 11?
False
Let k(f) = -f - 2. Let x be k(-4). Let m be (-400)/(-12) + x/(-6). Suppose m - 201 = -4*l. Is 20 a factor of l?
False
Let s be ((-4)/6)/((-2)/(-3)) - -39. Suppose 2*a - 2*p - s = 0, 5*p - 95 = -4*a - a. Is a a multiple of 3?
False
Let v be 2/(-3) + (-6)/(-9). Suppose -2*f + 2 = v, -2*b + 100 = 5*f - 61. Is 18 a factor of b?
False
Let p = -376 + 727. Is 15 a factor of p?
False
Let w be 24/(-30)*45/2. Let b = 22 + w. Is 8 a